r, 0*t - 5*t + 27 = -2*r. Let c = r - -18. List the prime factors of 4*22/c*3.
2, 11
Let d be 2/4 + 96/64. List the prime factors of d/(-14) + 3480/203.
17
List the prime factors of (-10675)/(-70)*(-12)/(-5).
2, 3, 61
Let l = 4 - -8. Suppose 3 + l = 5*n. Suppose -n*j - 31 = -4*j. What are the prime factors of j?
31
Let z(s) = s**3 - 8*s**2 + 13*s + 5. Let h(n) = -5*n - 4. Let a be h(-2). What are the prime factors of z(a)?
11
Suppose 4*w - 11 = 9. Suppose c + 128 = w*c. What are the prime factors of c?
2
Suppose 0 = -5*g - 2*x + 13667, 5*g - 5193 - 8471 = x. List the prime factors of g.
3, 911
Let b(y) = y**2 - 10*y + 20. Let g be b(8). Suppose -r = 2 + g. Let q = r - -16. List the prime factors of q.
2, 5
Let u(a) be the first derivative of a**3 - a**2 + 3*a + 5. Let v be u(-3). Suppose -153 = -0*c - 5*c + 2*b, -5*b + v = c. What are the prime factors of c?
31
Suppose 0 = -4*v - u + 2742, -2 = 2*u - u. What are the prime factors of v?
2, 7
Suppose -11*y = -3*y. Let f be y + 1/(5/(-70)). Let c = f + 30. What are the prime factors of c?
2
Let d(q) = -q**3 - 6*q**2 + q. Let i(v) = v + 1. Let l be i(-9). Let y be d(l). Suppose -6*b = -b - y. List the prime factors of b.
2, 3
Let p be 46/14 + (-10)/35. Suppose 12 = -4*d, 7*q - p*d + 1 = 2*q. List the prime factors of (40/2)/((-1)/q).
2, 5
Suppose -u + 5 = -0*u. Suppose -118 - 222 = -u*m. List the prime factors of m.
2, 17
Let k(y) = -21*y - 67. List the prime factors of k(-9).
2, 61
Suppose 5*u - 4*u = 12. What are the prime factors of (2/6)/(u/2124)?
59
Let t(j) = j**3 + 9*j**2 + 7*j. Let a be t(-8). List the prime factors of 9/(-24) - (-91)/a.
11
Let h(v) = -v**3 + 13*v**2 - 15*v - 14. Suppose 0 = -5*j - 2*q + 57, -5*q + 2 = -3*q. What are the prime factors of h(j)?
3, 7
Let u = -111 - -258. Let k = u + -84. What are the prime factors of (-277)/(-9) - (-14)/k?
31
Let t = 112 - 59. Suppose 0 = -7*g + 1040 - t. What are the prime factors of g?
3, 47
Let q(a) = -a + 9. Let u be q(-7). Suppose -s + 3*r = 2*s + 21, -2*s + u = 4*r. List the prime factors of (-1)/s - (-118)/4.
2, 3, 5
Let w = 10716 + -6692. List the prime factors of w.
2, 503
Let j = -171 + 312. Suppose -2*s - 3*f - 2*f = -j, 2*s - 144 = -4*f. List the prime factors of s.
2, 3, 13
Suppose 0 = -a - 2*v + 7 - 2, -5*a - 5*v + 30 = 0. Let p(l) = 3*l**2 - 6*l + 1. Let k be p(a). Suppose k = 4*j - 58. What are the prime factors of j?
41
Let f(z) be the second derivative of z**5/60 - 5*z**4/8 - z**3/6 + z. Let l(q) be the second derivative of f(q). What are the prime factors of l(10)?
5
Let b(y) = -y**2 - 5*y - 3. Let u be b(-3). List the prime factors of u/(9*(-1)/(-138)).
2, 23
Let r be (-1)/(3/750*-2). Suppose 7*x = 2*x + r. What are the prime factors of x?
5
Suppose 10*i - 50 = 5*i. Suppose i = z - 2*z. Let b = -3 - z. List the prime factors of b.
7
Suppose 13 - 9 = 2*i. Suppose -i*o + d = -78, -3*o + d + 110 = 3*d. Suppose -2*z + o = -0*n + 2*n, 3*n + 4*z = 52. What are the prime factors of n?
2, 3
Let p = 4 + -8. Let d(c) = -c**2 + 2*c - 4. Let l(j) = -4*j**2 + 9*j - 16. Let h(y) = -9*d(y) + 2*l(y). List the prime factors of h(p).
2, 5
Let j be 3/(-4) + (-38)/(-8). Let c be (-2)/j*1*-194. Suppose -29 + c = 2*r. What are the prime factors of r?
2, 17
Let y(j) = 20*j**2 + 16*j - 3. Let i be y(-5). Suppose -7*h + i + 52 = 0. List the prime factors of h.
67
Suppose 4*p - 3*s - 939 = 0, 5*p + s - 1166 = -3*s. List the prime factors of p.
2, 3, 13
Suppose -13*p + 17*p = 0. List the prime factors of 66 - p - (-1 - 2).
3, 23
List the prime factors of (2 - (-12)/3) + 43 + -6.
43
Suppose s = 4*s + 6. Let x = s + 11. Suppose 0 = -x*b + 7*b + 110. List the prime factors of b.
5, 11
Let y = -16 - -30. Let f be 42 + (-2 - (-4 + 3)). Let o = f + y. What are the prime factors of o?
5, 11
Suppose 44*g - 17*g - 22950 = 0. List the prime factors of g.
2, 5, 17
Let k be 14/(-21) - 28/(-6). Suppose f + 3 - k = 0, 16 = 3*r - 5*f. List the prime factors of r.
7
Suppose -4*g + 5 = -3. Suppose -g*h = -h - 16. Let d = h + -4. List the prime factors of d.
2, 3
Suppose 3*l + d = 178, 9*l - 8*l - 57 = 2*d. Let q = 18 - 31. Let g = q + l. List the prime factors of g.
2, 23
Suppose -b = 3*r + 3 + 1, 0 = -b + 4*r + 10. Let u(h) = -h + 13*h - 3 - 2. List the prime factors of u(b).
19
Suppose -6*o - 120 = -o. Let s = o - -26. Suppose -12 = -0*h - 3*h + 3*p, -s*h + 8 = -3*p. List the prime factors of h.
2
Let y = 4 - 6. Let g(n) = -4*n + 1. Let q(t) = 7*t. Let p(i) = -5*g(i) - 4*q(i). What are the prime factors of p(y)?
11
Let o(j) = 6*j**2 - 3*j - 53. List the prime factors of o(-10).
577
Let x = -89 - -85. List the prime factors of 2348/12 - (-1 + x/(-6)).
2, 7
Let d(c) = 3*c - 15. Let w be d(7). Suppose -2*b + 0 - w = 0. List the prime factors of (62/(-3))/(2/b).
31
Suppose g = -2*o + 39, 5*g - 41 = 4*o + 98. Suppose g*a - 36*a = -100. List the prime factors of a.
2, 5
Suppose 11*u - 29920 = -9*u. List the prime factors of (0 - 1) + (u/8 - 0).
2, 3, 31
Let q(u) = 3*u**3 + u**2 + 5*u - 6. Let w be q(7). Suppose -w = -6*y - 339. What are the prime factors of y?
2
Let q = 382 + 105. List the prime factors of q.
487
Let k = 3381 - 1473. List the prime factors of k.
2, 3, 53
Let w(y) = -3*y**3 - 5*y**2 - 2. Let z be w(-5). Let x = 525 - z. What are the prime factors of x?
277
Suppose -2592 = -4*c - 312. Suppose -3*g + 3*l + c = 0, -5*l = -g - l + 175. What are the prime factors of g?
3, 5, 13
Suppose -5 = u - 2*u. Suppose -3*g - 5*y = -y - 30, u*g - y - 50 = 0. What are the prime factors of g?
2, 5
Suppose 7*n - 3*g - 425 = 3*n, -4*g - 420 = -4*n. Let m = n - 71. What are the prime factors of m?
3, 13
Let n = -134 + 199. Suppose -13 = u + 6*r - 2*r, -11 = 3*u + 5*r. Suppose -n = -q + 2*h - u*h, -h = -q + 65. What are the prime factors of q?
5, 13
Suppose 0 = 2141*i - 2150*i + 17136. What are the prime factors of i?
2, 7, 17
Let j = -532 - -886. List the prime factors of j.
2, 3, 59
Suppose 2*t + 4*x = 0, -2*t + 3*t - 4*x = 18. Suppose w = 2*v + t*w - 494, -2*v + 510 = w. What are the prime factors of v?
257
Let w = 277 + -78. What are the prime factors of w?
199
Suppose -6*v - 3 = -3. Suppose v = -2*u + 3*m + 151, -33 = -u + 2*m + 44. What are the prime factors of u?
71
Suppose -o = r + 28, -2*o + o + 3*r - 24 = 0. Let c = -27 - o. What are the prime factors of 33 + c + (-4)/(-1)?
37
Suppose -32 = -4*o - 12*o. Suppose -5*b - y + 15 = 4, -b - 3*y = -5. Suppose -d = o*d + 5*f - 139, -4*d + 162 = b*f. What are the prime factors of d?
2, 19
Suppose 3961 = 17*u + 680. List the prime factors of u.
193
Let t be (-664)/(-12) + 2/(-6). Suppose -3*s + 137 = -t. List the prime factors of (-4 + s)*1/2.
2, 3, 5
List the prime factors of 4 + (3 - 1 - -773).
19, 41
Let m = 323 + -159. Suppose 394 = 3*o - 5*d, -3*d = 3*o - 429 + 75. Suppose 3*y - 4*u = o, 4*y + 5*u + m = 8*y. What are the prime factors of y?
41
Let d(w) = w**3 + 10*w**2 - w + 2. Let c be d(-10). Let i be (-1)/(-3) - (-8)/c. List the prime factors of 1/(i*(-3)/(-39)).
13
Suppose -5*p = 4*r - 3081, 0 = 2*p + 3*r + 519 - 1750. What are the prime factors of p?
617
Let m(a) = 4*a**3 - 2*a**2 - 9*a + 6. List the prime factors of m(7).
1217
Suppose 3*t = 3*g + 69, t = 5*t - g - 77. Let l = 20 - t. Suppose 3*r = -l*f + 28, -4*r = 5*f + 13 - 48. List the prime factors of r.
2, 5
Let s(u) = u + 9. Let h be s(-7). Suppose -2 = -p - 6, -h = m + 4*p. Suppose 2*f + 22 = i, 0 = -i - 0*i - 2*f + m. List the prime factors of i.
2, 3
Let a(q) = q**3 + 29*q**2 + 17*q - 118. What are the prime factors of a(-11)?
1873
List the prime factors of -3*((-34)/51)/(6/8013).
2671
Suppose 4*v + 312 = -7*h + 11*h, h + v - 78 = 0. List the prime factors of h.
2, 3, 13
Suppose -5*u + 10 = 0, -2*o + 4*u = u. Suppose 2*a + 9 = 3*k, o + 8 = 2*a + k. Let m = a - -28. What are the prime factors of m?
31
Suppose -3*i + 3*g + 18 = -6, -34 = -4*i + 5*g. Let u = i + -3. Suppose -5*j + 3*z + 175 = 0, -5*j + 175 = u*z + z. What are the prime factors of j?
5, 7
Suppose 14*k - 38620 - 13558 = 0. List the prime factors of k.
3727
Suppose -3*h + 8 - 2 = 0. Suppose -5*a = h*w - 88, -2 = a - 5*w + 2. What are the prime factors of a?
2
Let n(g) = -7*g**3 + g**2 - g. Let j be n(1). Let y = j - -9. What are the prime factors of 6*(-1)/y - -17?
2, 7
Let f(v) be the seco